{"id":15,"date":"2023-07-25T05:22:58","date_gmt":"2023-07-25T05:22:58","guid":{"rendered":"https:\/\/kosmetikpraxis-rinteln.de\/?page_id=15"},"modified":"2023-10-19T14:28:21","modified_gmt":"2023-10-19T14:28:21","slug":"uber-uns","status":"publish","type":"page","link":"https:\/\/cosmeda-cosmetics.de\/index.php\/uber-uns\/","title":{"rendered":"\u00dcBER UNS"},"content":{"rendered":"<p>[et_pb_section fb_built=&#8221;1&#8243; fullwidth=&#8221;on&#8221; _builder_version=&#8221;4.19.4&#8243; _module_preset=&#8221;default&#8221; global_colors_info=&#8221;{}&#8221;][et_pb_fullwidth_slider _builder_version=&#8221;4.21.0&#8243; _module_preset=&#8221;default&#8221; custom_padding=&#8221;||219px|||&#8221; global_colors_info=&#8221;{}&#8221;][et_pb_slide heading=&#8221;\u00dcBER UNS&#8221; use_text_overlay=&#8221;on&#8221; text_overlay_color=&#8221;rgba(247,247,248,0.8)&#8221; _builder_version=&#8221;4.21.0&#8243; _module_preset=&#8221;default&#8221; header_font=&#8221;Lato|700||on|||||&#8221; header_text_color=&#8221;#000000&#8243; header_font_size=&#8221;34px&#8221; header_letter_spacing=&#8221;2px&#8221; header_line_height=&#8221;1.2em&#8221; background_enable_color=&#8221;off&#8221; background_image=&#8221;https:\/\/cosmeda-cosmetics.de\/wp-content\/uploads\/2020\/03\/aromatherapy-1600&#215;900-1.jpg&#8221; background_enable_image=&#8221;on&#8221; header_font_size_tablet=&#8221;34px&#8221; header_font_size_phone=&#8221;22px&#8221; header_font_size_last_edited=&#8221;on|phone&#8221; global_colors_info=&#8221;{}&#8221; sticky_transition=&#8221;on&#8221;][\/et_pb_slide][\/et_pb_fullwidth_slider][\/et_pb_section][et_pb_section fb_built=&#8221;1&#8243; custom_padding_last_edited=&#8221;on|desktop&#8221; _builder_version=&#8221;4.21.0&#8243; _module_preset=&#8221;default&#8221; background_color=&#8221;#dfc083&#8243; background_enable_image=&#8221;off&#8221; background_size=&#8221;custom&#8221; background_image_width=&#8221;481px&#8221; background_image_height=&#8221;10px&#8221; background_repeat=&#8221;repeat&#8221; custom_margin=&#8221;0px||0px||false|false&#8221; custom_padding=&#8221;63px||63px||true|false&#8221; custom_padding_tablet=&#8221;120px||120px||false|false&#8221; custom_padding_phone=&#8221;81px||82px||false|false&#8221; global_colors_info=&#8221;{}&#8221;][et_pb_row _builder_version=&#8221;4.21.0&#8243; _module_preset=&#8221;default&#8221; width=&#8221;98%&#8221; max_width=&#8221;1087px&#8221; custom_margin=&#8221;0px|auto|62px|auto|false|false&#8221; custom_padding=&#8221;0px||0px||false|false&#8221; animation_style=&#8221;fade&#8221; animation_duration=&#8221;850ms&#8221; animation_speed_curve=&#8221;ease&#8221; global_colors_info=&#8221;{}&#8221;][et_pb_column type=&#8221;4_4&#8243; _builder_version=&#8221;4.18.0&#8243; _module_preset=&#8221;default&#8221; global_colors_info=&#8221;{}&#8221;][et_pb_text _builder_version=&#8221;4.22.0&#8243; _module_preset=&#8221;default&#8221; header_font=&#8221;Lato|600||on|||||&#8221; header_text_align=&#8221;center&#8221; header_text_color=&#8221;#292929&#8243; header_font_size=&#8221;36px&#8221; header_letter_spacing=&#8221;1px&#8221; header_line_height=&#8221;1.7em&#8221; header_3_font=&#8221;Lato||||||||&#8221; custom_margin=&#8221;11px|||||&#8221; hover_enabled=&#8221;0&#8243; header_font_size_tablet=&#8221;40px&#8221; header_font_size_phone=&#8221;24px&#8221; header_font_size_last_edited=&#8221;on|phone&#8221; global_colors_info=&#8221;{}&#8221; sticky_enabled=&#8221;0&#8243;]<\/p>\n<h1 class=\"aux-modern-heading-secondary\"><span class=\"aux-head-highlight\">Cosmeda Cosmetics am AEGI, Hannover<\/span><\/h1>\n<p>[\/et_pb_text][et_pb_text _builder_version=&#8221;4.22.0&#8243; _module_preset=&#8221;default&#8221; text_font=&#8221;Montserrat|500|||||||&#8221; text_text_color=&#8221;#000000&#8243; text_font_size=&#8221;17px&#8221; text_line_height=&#8221;1.8em&#8221; ul_line_height=&#8221;2.3em&#8221; text_orientation=&#8221;center&#8221; hover_enabled=&#8221;0&#8243; text_font_size_tablet=&#8221;18px&#8221; text_font_size_phone=&#8221;15px&#8221; text_font_size_last_edited=&#8221;on|phone&#8221; global_colors_info=&#8221;{}&#8221; sticky_enabled=&#8221;0&#8243;]<\/p>\n<p>Unser schneller Lebensstil beschert uns eine wahre Flut an Informationen und Aufgaben, die wir Tag f\u00fcr Tag bew\u00e4ltigen. Gerade deshalb ist es zunehmend wichtig, unserer Sehnsucht nach Ruhe und Entspannung nachzukommen. Aus dieser \u00dcberzeugung heraus, m\u00f6chten wir Sie inspirieren die Angebote unserer Kosmetik Praxis in Hannover kennenzulernen. Erleben Sie einzigartige Behandlungen mit einer sp\u00fcrbar nachhaltigen Wirkung. Wir verbinden moderne Trends und apparative Bahandlungsmethoden mit einem au\u00dfergew\u00f6hnlichen Naturkosmetik-Konzept. Au\u00dfergew\u00f6hnlich hochwertige Naturkosmetik-Produkte schenken Ihnen Entspannung, Regeneration und Gesundsheitspr\u00e4vention auf h\u00f6chstem Niveau.<\/p>\n<p>[\/et_pb_text][\/et_pb_column][\/et_pb_row][\/et_pb_section][et_pb_section fb_built=&#8221;1&#8243; _builder_version=&#8221;4.21.0&#8243; _module_preset=&#8221;default&#8221; custom_padding=&#8221;0px||0px||true|&#8221; collapsed=&#8221;on&#8221; global_colors_info=&#8221;{}&#8221;][et_pb_row column_structure=&#8221;1_2,1_2&#8243; use_custom_gutter=&#8221;on&#8221; gutter_width=&#8221;1&#8243; make_equal=&#8221;on&#8221; _builder_version=&#8221;4.21.0&#8243; _module_preset=&#8221;default&#8221; width=&#8221;100%&#8221; max_width=&#8221;100%&#8221; custom_padding=&#8221;0px||0px||true|&#8221; global_colors_info=&#8221;{}&#8221;][et_pb_column type=&#8221;1_2&#8243; _builder_version=&#8221;4.21.0&#8243; _module_preset=&#8221;default&#8221; background_image=&#8221;https:\/\/cosmeda-cosmetics.de\/wp-content\/uploads\/2023\/07\/Susanne-Engel-e1562402376938-1.jpg&#8221; background_position=&#8221;top_center&#8221; animation_style=&#8221;slide&#8221; animation_direction=&#8221;left&#8221; animation_delay=&#8221;500ms&#8221; global_colors_info=&#8221;{}&#8221;][et_pb_divider show_divider=&#8221;off&#8221; _builder_version=&#8221;4.16&#8243; _module_preset=&#8221;default&#8221; custom_padding=&#8221;||||true|false&#8221; custom_padding_tablet=&#8221;40%||40%||true|false&#8221; custom_padding_phone=&#8221;50%||50%||true|false&#8221; custom_padding_last_edited=&#8221;on|phone&#8221; global_colors_info=&#8221;{}&#8221;][\/et_pb_divider][\/et_pb_column][et_pb_column type=&#8221;1_2&#8243; _builder_version=&#8221;4.21.0&#8243; _module_preset=&#8221;default&#8221; background_color=&#8221;#f9f9f9&#8243; custom_padding=&#8221;13vh|13vh|13vh|13vh|true|true&#8221; custom_padding_tablet=&#8221;100px|50px|100px|50px|true|true&#8221; custom_padding_phone=&#8221;80px|30px|80px|30px|true|true&#8221; custom_padding_last_edited=&#8221;on|phone&#8221; animation_style=&#8221;fade&#8221; animation_delay=&#8221;750ms&#8221; global_colors_info=&#8221;{}&#8221;][et_pb_text _builder_version=&#8221;4.21.0&#8243; _module_preset=&#8221;default&#8221; text_font=&#8221;Montserrat|||on|||||&#8221; text_text_color=&#8221;#000000&#8243; text_font_size=&#8221;14.1px&#8221; text_letter_spacing=&#8221;4px&#8221; text_line_height=&#8221;1em&#8221; custom_margin=&#8221;||1px|||&#8221; custom_padding=&#8221;3px|||||&#8221; global_colors_info=&#8221;{}&#8221;]<\/p>\n<div class=\"tw-ta-container F0azHf tw-nfl\" id=\"tw-target-text-container\" tabindex=\"0\">\n<pre class=\"tw-data-text tw-text-large tw-ta\" data-placeholder=\"Translation\" id=\"tw-target-text\" dir=\"ltr\"><span class=\"Y2IQFc\" lang=\"de\">Die <\/span>Gr\u00fcnderin<\/pre>\n<\/div>\n<p>[\/et_pb_text][et_pb_text _builder_version=&#8221;4.21.0&#8243; _module_preset=&#8221;default&#8221; header_font=&#8221;Lato|600||on|||||&#8221; header_text_color=&#8221;#292929&#8243; header_font_size=&#8221;36px&#8221; header_letter_spacing=&#8221;1px&#8221; header_line_height=&#8221;1.7em&#8221; header_3_font=&#8221;Lato||||||||&#8221; custom_margin=&#8221;11px|||||&#8221; header_font_size_tablet=&#8221;40px&#8221; header_font_size_phone=&#8221;24px&#8221; header_font_size_last_edited=&#8221;on|phone&#8221; global_colors_info=&#8221;{}&#8221;]<\/p>\n<h1 class=\"aux-modern-heading-secondary\">Susanne Engel-L\u00f6nser,<\/h1>\n<p>[\/et_pb_text][et_pb_text _builder_version=&#8221;4.21.0&#8243; _module_preset=&#8221;default&#8221; text_font=&#8221;Montserrat|500|||||||&#8221; text_text_color=&#8221;#000000&#8243; text_font_size=&#8221;17px&#8221; text_line_height=&#8221;1.8em&#8221; ul_line_height=&#8221;2.3em&#8221; text_orientation=&#8221;justified&#8221; text_font_size_tablet=&#8221;18px&#8221; text_font_size_phone=&#8221;15px&#8221; text_font_size_last_edited=&#8221;on|phone&#8221; global_colors_info=&#8221;{}&#8221;]<\/p>\n<p>Susanne Engel-L\u00f6nser, ausgebildete Kosmetikerin und med. Fu\u00dfpflegerin ist seit 1982 im Bereich der Ganzheitskosmetik selbstst\u00e4ndig. Zur ganzheitlichen Betreuung ihrer Kunden entwickelte sie schon damals erste eigene Behandlungskonzepte<\/p>\n<p>Nach unz\u00e4hligen Zusatzqualifikationen und Ausbildung zur Heilpraktikerin, gr\u00fcndete sie 1985 ihre eigene Kosmetik-Fachschule, die Cosmeda Akademie.<\/p>\n<p>Nun er\u00f6ffnet Susanne Engel-L\u00f6nser Ihre Kosmetik Praxis Rinteln in einem neuen Standort:<\/p>\n<p>Der Seetorstr. 2 in 31737 Rinteln. F\u00fchlen Sie sich herzlich<br \/>eingeladen und erhalten Sie f\u00fcr kurze Zeit einen vollen <br \/><span style=\"color: #9e6900;\">20% Gutschein<\/span> auf alle Behandlungen nur zur Er\u00f6ffnung.<\/p>\n<p>&nbsp;<\/p>\n<p>[\/et_pb_text][\/et_pb_column][\/et_pb_row][\/et_pb_section]<\/p>\n","protected":false},"excerpt":{"rendered":"<p>Cosmeda Cosmetics am AEGI, HannoverUnser schneller Lebensstil beschert uns eine wahre Flut an Informationen und Aufgaben, die wir Tag f\u00fcr Tag bew\u00e4ltigen. Gerade deshalb ist es zunehmend wichtig, unserer Sehnsucht nach Ruhe und Entspannung nachzukommen. Aus dieser \u00dcberzeugung heraus, m\u00f6chten wir Sie inspirieren die Angebote unserer Kosmetik Praxis in Hannover kennenzulernen. Erleben Sie einzigartige Behandlungen [&hellip;]<\/p>\n","protected":false},"author":1,"featured_media":0,"parent":0,"menu_order":0,"comment_status":"closed","ping_status":"closed","template":"","meta":{"_et_pb_use_builder":"on","_et_pb_old_content":"","_et_gb_content_width":"","footnotes":""},"class_list":["post-15","page","type-page","status-publish","hentry"],"_links":{"self":[{"href":"https:\/\/cosmeda-cosmetics.de\/index.php\/wp-json\/wp\/v2\/pages\/15","targetHints":{"allow":["GET"]}}],"collection":[{"href":"https:\/\/cosmeda-cosmetics.de\/index.php\/wp-json\/wp\/v2\/pages"}],"about":[{"href":"https:\/\/cosmeda-cosmetics.de\/index.php\/wp-json\/wp\/v2\/types\/page"}],"author":[{"embeddable":true,"href":"https:\/\/cosmeda-cosmetics.de\/index.php\/wp-json\/wp\/v2\/users\/1"}],"replies":[{"embeddable":true,"href":"https:\/\/cosmeda-cosmetics.de\/index.php\/wp-json\/wp\/v2\/comments?post=15"}],"version-history":[{"count":10,"href":"https:\/\/cosmeda-cosmetics.de\/index.php\/wp-json\/wp\/v2\/pages\/15\/revisions"}],"predecessor-version":[{"id":754,"href":"https:\/\/cosmeda-cosmetics.de\/index.php\/wp-json\/wp\/v2\/pages\/15\/revisions\/754"}],"wp:attachment":[{"href":"https:\/\/cosmeda-cosmetics.de\/index.php\/wp-json\/wp\/v2\/media?parent=15"}],"curies":[{"name":"wp","href":"https:\/\/api.w.org\/{rel}","templated":true}]}}